s digit of w?
9
Let i(m) = -m - 2. Let p be i(-4). Suppose 23 = 2*y - 5*r, -y + 2*r + 2 = -p*y. Suppose -k = y*k - 25. What is the units digit of k?
5
Let d = -13 + 31. Suppose -j - d = -4*i - 0*j, 4*i = -2*j + 24. Suppose 2*a - 7*f - 18 = -3*f, 2*a - i*f - 18 = 0. What is the units digit of a?
9
Let n be 1 + (11 - 0 - -2). Let m = -8 - 1. Let w = n + m. What is the units digit of w?
5
Let y = -14 + 22. What is the units digit of y?
8
Let g = 303 + -55. What is the tens digit of g?
4
Let z(t) = -t + 11. Suppose -5*s - 54 = s. What is the tens digit of z(s)?
2
Let m = 62 - 41. Let c be (6 - 0/(-1))*1. What is the units digit of -2*(m/c)/(-1)?
7
Suppose 2*n = 4*q + 166, q - 2*n = 3*q + 80. Let j = q + 102. Suppose 0 = -2*a + v + 29 + 10, 2*v = 3*a - j. What is the units digit of a?
7
Let t(j) = -j**3 - j**2 - j - 1. Let w be t(-1). Let b = 7 - 3. Suppose x + 0*x - b = w. What is the units digit of x?
4
Let i be 2/4*-2*-1. Let k = i + 9. What is the units digit of k?
0
Suppose -5*w + 76 = l - 2*l, -2*w + 5*l = -12. Suppose -a + 5*a - w = 0. Suppose 4*u + 5*v + 1 = 0, 4 = 3*u + 3*v - a*v. What is the units digit of u?
1
What is the tens digit of 444/(-18)*27/(-2)?
3
Suppose 2*q = 3*h - 6, -5*h + 16 = 4*q - 4*h. Suppose -4*i - 10 = -q*t - 68, -i - 5*t = -26. What is the units digit of i?
6
Suppose 4*q - 40 = -q. What is the units digit of q?
8
Let h(z) = -z + 3. Let n(j) = -j**3 - 3*j**2 - 2*j - 3. Let g be n(-3). Let l be h(g). Suppose 8 = 4*i - l*i. What is the units digit of i?
2
Suppose -2*s = -0*s. Suppose x + 3*u = -s*x + 26, 2*x + u = 57. What is the units digit of x/9 - (-6)/(-27)?
3
Let r = 48 + -28. What is the tens digit of r?
2
Let f(u) = u**2 - u + 1. Let m(k) = 3*k**2 - 2*k + 1. Let z(h) = 4*f(h) - m(h). Let a be z(3). What is the units digit of (-1 + -1 - a)*-1?
8
Let i be (4/10)/((-7)/(-350)). What is the tens digit of i + 2 - (-4)/(-2)?
2
Suppose -87 = 21*j - 24*j. What is the units digit of j?
9
Let q(j) = j**2 - 3*j. Let u be q(3). Suppose -v = 4*n - 3, -4*v + u*n + 12 = n. Suppose p + 0*p = v. What is the units digit of p?
3
What is the units digit of -10 - -14 - 4/(-2)?
6
Let x(a) be the first derivative of -a**5/20 + 5*a**4/12 + a**3 + 4*a**2 - 2*a + 2. Let d(n) be the first derivative of x(n). What is the units digit of d(6)?
8
What is the hundreds digit of -920*(-3 + (-78)/(-30))?
3
Suppose 108 = -3*h + h - 2*k, 4*h + 192 = 4*k. Let m = -27 - h. What is the units digit of m?
4
Let p(l) = -l**3 - 4*l**2 + 3*l - 2. Let n = 3 + 1. Suppose -4 = -n*h - 24. What is the units digit of p(h)?
8
Let b be -9 - (-2 + 2 + -3). Let q be 15/b*(-4)/5. Let z = q - -13. What is the units digit of z?
5
Suppose 0 = -s - 4*s + 660. What is the tens digit of s/4 + 2 + 2?
3
Let p = -12 - -24. What is the units digit of ((-21)/p)/(1/(-4))?
7
Let w be 2/(-7) - 4/(-14). What is the units digit of 23 + (w/(-3))/(-4)?
3
Let y = 6 + -7. Let j(b) = b + 2. What is the units digit of j(y)?
1
Let m(z) = z - 12. Let k be m(-9). Let l = k - -30. What is the units digit of l?
9
Let d(x) = x + 26. What is the units digit of d(0)?
6
Let k = -6 - -6. What is the units digit of 0 - k - 3/(-3)?
1
Suppose -40 = 5*h + 3*k, 3*h - 2*h - 2*k = -21. Let b = 5 + h. What is the units digit of (-12)/18 - 16/b?
2
Suppose 42 = 5*n - 8. Suppose -n = -4*y + 34. What is the tens digit of y?
1
Let k = 0 - 6. Let u = -1 - k. What is the units digit of u?
5
Let v(o) = -o**3 + 6*o**2 + 2*o + 4. What is the tens digit of v(6)?
1
Let i(z) = -z - 2. Let x be i(6). Let r(k) = -k**2 - 9*k - 4. What is the units digit of r(x)?
4
Let m(w) = -w**3 + 7*w**2 - 4. Let b be m(6). Suppose 3*f - 3*t - 73 - b = 0, -3*t - 135 = -4*f. What is the units digit of f?
0
Let g = -47 + 87. Suppose -4*r - 3*f + 22 = -2*r, g = 3*r + f. What is the units digit of r?
4
What is the tens digit of 1393/28 + (-3)/4?
4
Suppose 0*w = 3*w - 12. Suppose -5*g = v - 25, -4*v + 3*g = -4 - w. What is the units digit of v?
5
Let s(n) be the third derivative of n**4/24 + 13*n**3/6 + 4*n**2. What is the units digit of s(-7)?
6
What is the tens digit of ((-169)/(-4))/((-38)/(-152))?
6
Suppose 9*y - 394 - 452 = 0. What is the units digit of y?
4
Suppose 0 = i + i - 32. Suppose -i + 1 = -n. What is the tens digit of n?
1
Suppose 0 = -8*a + 6*a + 310. What is the units digit of a?
5
Let a = 414 - -2. What is the tens digit of a?
1
Let f = -4 - -8. Suppose -i + 105 = f*i. What is the units digit of i?
1
Let t(d) = -d + 4. Let j be t(8). What is the tens digit of j*(-5)/(10/9)?
1
Suppose 0 = -t - 1 + 60. Suppose j + t = 2*v - 4*j, -2*j = -2. What is the units digit of v?
2
Let g(v) = 2*v + 5. Let o be g(-5). Let p = -8 - o. What is the units digit of 19/(1/(p/(-3)))?
9
Let c = -25 + 80. What is the tens digit of c?
5
Let o(i) = i**3 - 5*i**2 + 2*i - 1. Let k be o(5). Let f = 9 - k. Suppose -5*b + 3*b + 12 = f. What is the units digit of b?
6
Let j(n) = 5*n**2 - 1. Suppose -4*l + 2*s - 2 - 6 = 0, 8 = -2*l + 3*s. Let t be j(l). What is the units digit of 1 - 10/t*-4?
1
Let j = -6 - -14. Let v = -4 + 8. Suppose -2*b + 0*b = -5*t + 36, 0 = -v*b + j. What is the units digit of t?
8
Let z(x) = 3*x**3 - 4*x**2 + 21*x - 7. Let u(q) = q**3 - q**2 + 7*q - 2. Let p(h) = -11*u(h) + 4*z(h). What is the units digit of p(4)?
6
Let a be (-1)/(-3 + 2)*4. Let c be 11*1 + -7 + a. Suppose 3*o - 5*f - c = 0, 3*o - 3*f = -o + 7. What is the units digit of o?
1
Let b(q) = -13*q + 7. Let d(s) = -14*s + 8. Let n(m) = -7*b(m) + 6*d(m). What is the units digit of n(2)?
3
Let t(q) = 3*q**2 + 5*q + 3. What is the tens digit of t(-4)?
3
Let y = -73 - -99. What is the tens digit of y?
2
Let m(i) = 21*i**2 - 2*i - 1. Let z(b) = -b**3 + 9*b**2 - 7*b - 9. Let f be z(8). What is the tens digit of m(f)?
2
Let q be ((-1)/2)/((-5)/30). Let w be 2 - q - 4/2. What is the units digit of (-2 + (-5)/w)*-15?
5
Let d(l) = -3*l**3 + 4*l**2 + 5*l + 1. What is the units digit of d(-2)?
1
Let b = 15 - 31. Let c be (3/(-2))/(6/b). What is the units digit of (-4)/c*-2*2?
4
What is the units digit of ((-62)/6)/(-5 + 42/9)?
1
Suppose g + 2 = 2*d, 0 = 3*g - 5*g - 5*d + 23. What is the units digit of (16/2)/(g/16)?
2
Let w(m) = -m**2 - 6*m - 1. Suppose l - 18 + 44 = -5*n, -2*n = -l + 9. Let o be w(n). Suppose o*x = 4*c - 16, 0*x + 2*x = -4. What is the units digit of c?
2
Let o(m) = -m + 2. Let i be o(4). Let k = 30 + i. What is the units digit of k?
8
Suppose 3*j - 360 = -j. What is the tens digit of (-4)/5*j/(-4)?
1
Let t(f) = -f**2 - 9*f + 1. Let r be t(-9). What is the units digit of (-10)/(-3) + r/(-3)?
3
What is the units digit of ((-15)/6)/(-5)*0 + 49?
9
Suppose 4*j - 6*x = -4*x - 6, -3*j - 5*x = -28. What is the units digit of j?
1
Suppose -3*i - 4*t - 24 = 0, -4*t - 23 = 5*i + 9. Let q = i + 4. Suppose -2*c + q*c = -2. What is the units digit of c?
1
Let x be 6/(-15) + (-26)/10. Let t = 4 - x. Suppose 9 + t = w. What is the tens digit of w?
1
Let b(g) = -g**2 - 13*g - 16. Let r(w) = -w**2 - 14*w - 17. Let z(d) = -5*b(d) + 4*r(d). What is the units digit of z(-8)?
4
Let q(w) = w**2 + 11*w - 17. What is the units digit of q(-13)?
9
Suppose 0*w + 2*w = 2. What is the tens digit of (12/(-10))/(w/(-10))?
1
Let n(b) = -b - 5. Let d be n(-7). Suppose 5*h - 1 - 49 = t, 2*h = d*t + 12. What is the units digit of h?
1
Let u = -47 + 131. What is the units digit of u?
4
Let t(f) = f**2 - 3*f + 7. Let s be t(6). Suppose -4*o + 9*o = -s. Let w = o - -8. What is the units digit of w?
3
Let w(l) = -l**3 + 13*l**2 - 7*l - 10. What is the tens digit of w(11)?
5
Let n(r) = 4*r**3 + r + r**2 + r**2 - 3*r - 3*r**3. What is the tens digit of n(2)?
1
Let t = -11 - -25. What is the units digit of t?
4
Let y(r) = 0*r**2 - r - 2*r**2 + 4*r**2 - r**2. What is the units digit of y(-2)?
6
Let l = 0 + 5. Suppose 146 = -l*t - 289. What is the units digit of (-3)/12 - t/12?
7
Let y be ((-1071)/105)/((-2)/10). Let x = y - 27. What is the units digit of x?
4
Let a be (-2)/(((-18)/(-15))/(-3)). Let v = 9 - a. Suppose 3*d = 5*o + 9, -4 = d - 3*d + v*o. What is the units digit of d?
8
Let f(j) = j**3 - 15*j**2 + 15*j + 6. Let t be f(14). Suppose s + 4*b - t = b, 0 = 4*s + 2*b - 110. What is the units digit of s?
9
What is the tens digit of (-185)/(-4) - 6/24?
4
Suppose r - 5 = -4. What is the tens digit of